-2*t - 5*v = -12. Calculate the remainder when 56 is divided by 1/(t - 113/19).
18
Suppose 7894 - 2182 = 272*j. What is the remainder when 157 is divided by j?
10
Let c(u) = -u**2 + 8*u - 8. Let g be c(6). Suppose -2*f - 26 = -2*b, 2*b - 6 = g*f + 28. Suppose -b + 12 = m. Calculate the remainder when 8 is divided by m.
2
Let d(r) = -36*r + 1817. What is the remainder when 1355 is divided by d(38)?
8
Let n = 3633 + -3570. Calculate the remainder when 2393 is divided by n.
62
Suppose 0 = 9*v - 9 - 9. Let g = 279 - 270. Calculate the remainder when g is divided by v.
1
Let f = 3220 + -3219. Calculate the remainder when 33 is divided by f.
0
Suppose -2*r = -5*v + 2*v + 3172, 0 = -5*v - 5*r + 5245. Suppose -21*f + v = -4*f. Calculate the remainder when f is divided by 25.
12
Let x(k) = 5*k + 1. Let y be x(-1). Let m be ((-162)/5)/(y/10). Suppose 4*a - m = 111. What is the remainder when a is divided by 13?
9
Let n(j) = -36*j - 789. What is the remainder when n(-56) is divided by 304?
11
Suppose -3*c = 5*k - 0*k + 13, -3*c + 22 = -2*k. Suppose 5*h - 7*b - 55 = -4*b, -4*h = c*b - 76. What is the remainder when 40 is divided by h?
12
Suppose -28 = -15*m + 107. Calculate the remainder when 59 is divided by m.
5
Suppose 4*l - 25*y + 27*y - 242 = 0, 2*y = -2*l + 132. Let n(v) = 5*v**2 + 3*v. What is the remainder when n(-6) is divided by l?
52
Let d(w) = -9*w + 215. Let i be d(-30). Let u = i - 457. What is the remainder when 77 is divided by u?
21
Let a = 3481 - 3423. What is the remainder when a is divided by 28?
2
Calculate the remainder when (-6*(-12)/(-16))/((-111)/7918) is divided by 100.
21
Suppose -3*m = -3 - 6. Suppose -5*i + 355 = m*a, -2*a - 4*i + 270 = -9*i. Calculate the remainder when a is divided by 21.
20
Calculate the remainder when 11380/36 - (-320)/(-288) is divided by 99.
18
What is the remainder when 615 is divided by (3/(-2))/((-45)/120)?
3
Let h(s) = -s**3 - 14*s**2 + 2. Let p be h(-14). Suppose -2*t = b - 3*t - 305, -b - p*t = -296. Calculate the remainder when b/14 + (1 - 16/28) is divided by 8.
6
Suppose g - w = -105, 441 = -5*g + 2*w - 99. Let x = g - -166. Calculate the remainder when x is divided by 18.
2
Let s(h) = 62*h**2 + 238*h - 9. Calculate the remainder when 52 is divided by s(-4).
21
Let z(a) = -374*a - 3732. What is the remainder when 679 is divided by z(-10)?
7
Let r = 41 + -7. Let w(x) be the first derivative of 17*x**2/2 - 38*x + 1. What is the remainder when w(10) is divided by r?
30
What is the remainder when -6 - (13 + -12)*-190 is divided by 33?
19
Suppose 17*r - 29*r + 672 = 0. Suppose 2*x - r = 144. Calculate the remainder when x is divided by 31.
7
Let h = 3774 + -3688. What is the remainder when 413 is divided by h?
69
Suppose -5*v - 2*d = -90, 5*v - 3*d = 7 + 58. Calculate the remainder when 509 is divided by v.
13
Suppose -k - 2*k + 12 = 0. Let c = 341 - 200. What is the remainder when c is divided by 4 - 486/(-15) - k/10?
33
Suppose -8*n + 3806 = -1002. Calculate the remainder when n is divided by 109.
56
Suppose -11 = -9*h + 34. Suppose -a - h*u = -10, -a = a - 3*u - 20. Calculate the remainder when 147 is divided by a.
7
Suppose -8 - 4 = -3*h. Suppose -i + 7 - h = 0. Suppose 4*p + 2*s = 126, -i*p - p = 4*s - 128. What is the remainder when 123 is divided by p?
30
Let w = 132 + -122. Let t(q) = -q + 22. Let b be t(8). Suppose -4*x + m = -19, 2*m = -6*x + x + b. Calculate the remainder when w is divided by x.
2
Let m(p) = -199*p + 1413. Calculate the remainder when m(6) is divided by 22.
21
Let i(z) = -z**2 + 5*z - 4. Let a be i(2). Let q(u) = 5*u + 2 + 2*u - 2*u + 4*u**a - 3*u. Calculate the remainder when 55 is divided by q(-2).
13
Calculate the remainder when -133 + 471 + 2 + -5 is divided by 143.
49
Let m(l) = 10*l. Let x = -182 - -186. Calculate the remainder when 358 is divided by m(x).
38
Let q(s) = -s**3 + s**2 + 15*s + 57. What is the remainder when 1246 is divided by q(-3)?
46
Let l = -10010 - -10028. What is the remainder when 2570 is divided by l?
14
Let n(q) = -269*q - 411. What is the remainder when n(-2) is divided by 4?
3
Let x(c) = 21*c + 12. Let p be x(-4). Let a be (0 + p/30)*10/3. What is the remainder when (12*a/30)/((-2)/10) is divided by 7?
2
Suppose 331*s + 3480 - 21685 = 0. Calculate the remainder when 690 is divided by s.
30
Suppose 710 - 35 + 1377 = 18*o. What is the remainder when 242 is divided by o?
14
Let y = 17569 - 17215. Calculate the remainder when 1082 is divided by y.
20
Let f = 352 - 331. Let z = f - -318. Calculate the remainder when z is divided by 19.
16
Let d = -60 - -58. Let i(s) = -8*s**3 - s**2 - s. What is the remainder when ((-138)/18)/(2*d/24) is divided by i(-1)?
6
Let m(p) = 3*p - 4. Suppose o - 1 = 34*h - 37*h, 0 = 2*o + 4*h - 6. What is the remainder when o is divided by m(3)?
2
Let x(i) = -109*i + 602. What is the remainder when x(5) is divided by 26?
5
Suppose 0*d + 20 = 5*d. Suppose -n + 3*j = -d, -n + 4*j = 4*n - 20. Suppose 4*l - 32 = -4*i, 3*l = l + 5*i + 51. Calculate the remainder when l is divided by n.
1
Let q be 486/27 - (1 + 0). Suppose -f - 4*y - 6 = -q, -3*f + 33 = -5*y. Calculate the remainder when 15 is divided by f.
4
Let t be 312/(-5) + 15/(-25). Let u = -26 - -22. Let h = u - t. What is the remainder when h is divided by 13?
7
Suppose 0 = -4*d - 0*d + 1820. Suppose -3*a - 2*f + 173 = 0, 2*a + 71 = -2*f + 187. Calculate the remainder when d is divided by a.
56
Let y = -105 - -168. Let i = -7 + 22. Calculate the remainder when y is divided by 2/i*-24*(-5)/2.
7
Let u(z) = z + 4. What is the remainder when 248/(-10*(-10)/50) is divided by u(10)?
12
Let o(x) = 330*x - 11. Let a be o(4). Suppose -611 - a = -10*q. Calculate the remainder when q is divided by 39.
36
Suppose c + 11 = -2*v + 95, -v = -4*c + 318. What is the remainder when c is divided by (-1*(-9 + 4) - 1) + 25?
22
Calculate the remainder when (-5)/(-2 - 46378/(-23194)) is divided by 8.
5
Let o(h) = -16*h - 7. Let g(q) = 17*q + 6. Let p(j) = 3*g(j) + 4*o(j). Let k be p(-4). What is the remainder when 39 is divided by (1/(-1))/(2 + k/(-20))?
9
Suppose 1926 + 3939 + 4299 = 44*a. Let d(t) = t**3 - 7*t**2 + 3*t - 3. What is the remainder when a is divided by d(7)?
15
Let d = -132 + 157. Let t = 113 - -58. What is the remainder when t is divided by d?
21
Let s = 229 + -227. What is the remainder when 127 is divided by -16*(s - 10 - -6)?
31
Suppose 2 + 7 = -3*h, -2*z - 75 = -h. Let c = z - -56. Calculate the remainder when 42 is divided by c.
8
Let t(l) = -17*l + 4. Let k = -36 + 40. Let g(m) = 16*m - 3. Let s(v) = k*t(v) + 5*g(v). What is the remainder when 35 is divided by s(1)?
9
Suppose 24 = 4*j + 4*v - 3*v, -j = 3*v - 6. Let g be (-1)/(-2)*(-11)/((-33)/j). Let r = g + 11. Calculate the remainder when 68 is divided by r.
8
Suppose -4*s - 3*l + 1184 = 0, 4*s - 7*l = 718 + 506. Calculate the remainder when s is divided by 30.
29
Suppose -95*k + 93*k - 2*a + 824 = 0, 3*a + 432 = k. What is the remainder when k is divided by 19?
18
Suppose -6 + 27 = 7*g. Suppose q - 639 = -g*w, 0 = -4*q + q - 4*w + 1912. Suppose 6*z + 6*z = q. Calculate the remainder when z is divided by 27.
26
Let f = -26 + 28. Suppose 0*p - f*p - 5*i = 25, -3*p - 48 = 4*i. What is the remainder when 28 is divided by (-5)/p + (-118)/(-8)?
13
Let d = -1118 - -1631. Let g = d + -453. Calculate the remainder when 232 is divided by g.
52
What is the remainder when ((-10)/(-4))/(20/1056) is divided by 19 + (-6 - -4) + 3*1?
12
Let m = 107 + -136. What is the remainder when (-2)/(20/6)*1015/m is divided by 2?
1
Let g = 90 - -120. Let h = g + -168. What is the remainder when 208 is divided by h?
40
Let z(h) = -12*h**2 - h. Let r(b) = -49*b**2 - 5*b. Let d(q) = 2*r(q) - 9*z(q). Calculate the remainder when 32 is divided by d(-1).
10
Let z be ((-104)/(-12))/2*27. Suppose 109*o = 112*o - z. What is the remainder when o is divided by 4?
3
Let b = 735 - 728. Suppose 5*h - 456 = 2*i + 54, 0 = 3*h - i - 307. Calculate the remainder when h is divided by b.
6
Let g(l) = -2*l**3 + 27*l**2 - 6*l - 493. Suppose -3*u + 166 = o, -u - o + 52 = o. What is the remainder when g(8) is divided by u?
51
Let b be (-1 - -3)*(-10)/4. What is the remainder when 383 is divided by (-492)/b - (-32)/(-80)?
89
Suppose -s + 5*l + 108 = 0, -2*s - 199